{"id":1293,"date":"2025-02-15T13:50:37","date_gmt":"2025-02-15T12:50:37","guid":{"rendered":"https:\/\/neu.effa-segeln.de\/?page_id=1293"},"modified":"2026-03-11T22:16:18","modified_gmt":"2026-03-11T21:16:18","slug":"herbsttoern-2","status":"publish","type":"page","link":"https:\/\/effa-segeln.de\/?page_id=1293","title":{"rendered":"Herbstt\u00f6rns 2026"},"content":{"rendered":"\n<p>Herbstferien in NRW:<\/p>\n\n\n\n<p><strong>EXODUS M\u00e4dchent\u00f6rn <\/strong>&#8211; 1. Ferienwoche: 17.-24.10.2026<br>Sonja Prellwitz, Janna Nielen<\/p>\n\n\n\n<p><strong>EXODUS Herbstt\u00f6rn II<\/strong> &#8211; 2. Ferienwoche: 24.-31.10.2026<br>Falko Mesch, Katharina Ilbertz, Mattis Senger<\/p>\n\n\n<div class=\"wp-block-image\">\n<figure class=\"aligncenter size-full\"><img data-dominant-color=\"786964\" data-has-transparency=\"false\" style=\"--dominant-color: #786964;\" loading=\"lazy\" decoding=\"async\" width=\"1024\" height=\"576\" sizes=\"auto, (max-width: 1024px) 100vw, 1024px\" src=\"https:\/\/effa-segeln.de\/wp-content\/uploads\/2023\/10\/IMG_20211015_175000-edited.webp\" alt=\"\" class=\"wp-image-651 not-transparent\" srcset=\"https:\/\/effa-segeln.de\/wp-content\/uploads\/2023\/10\/IMG_20211015_175000-edited.webp 1024w, https:\/\/effa-segeln.de\/wp-content\/uploads\/2023\/10\/IMG_20211015_175000-edited-300x169.webp 300w, https:\/\/effa-segeln.de\/wp-content\/uploads\/2023\/10\/IMG_20211015_175000-edited-768x432.webp 768w\" \/><figcaption class=\"wp-element-caption\">Herbstt\u00f6rn im deutschen Wattenmeer<\/figcaption><\/figure>\n<\/div>\n\n\n<p><strong>Mit dem M\u00e4dchent\u00f6rn starten wir direkt am IJsselmeer und erkunden gemeinsam die charmanten Hafenst\u00e4dte entlang der niederl\u00e4ndischen K\u00fcsten.<\/strong> Je nach Wind, Wetter und Lust der Crew ist auch ein Abstecher zu den niederl\u00e4ndischen Watteninseln m\u00f6glich, dort l\u00e4sst sich die einzigartige Landschaft zu Fu\u00df oder mit dem Fahrrad entdecken.<\/p>\n\n\n\n<p>Die Skipperinnen laden M\u00e4dchen und alle, die sich als weiblich identifizieren, f\u00fcr einen exklusiven M\u00e4dels-T\u00f6rn ein. Dieser T\u00f6rn bietet die Chance, sich fernab gesellschaftlicher Erwartungen auszuprobieren, ihre St\u00e4rken zu entdecken und in einer wertsch\u00e4tzenden Atmosph\u00e4re gemeinsam unterwegs zu sein. Es er\u00f6ffnen sich auch ganz neue Freizeitgestaltungsm\u00f6glichkeiten, die immer in Abstimmung mit den W\u00fcnschen der Crew getroffen werden. Weibliche Leitungspersonen \u00fcbernehmen das Kommando an Bord und schaffen nicht nur ein inspirierendes Vorbild im Umgang mit Verantwortung und F\u00fchrung, sondern auch einen sicheren Raum, in dem \u00fcber pers\u00f6nliche Themen offen gesprochen werden kann.<\/p>\n\n\n\n<p><strong>Nach dem T\u00f6rnwechsel in einem der Hafenst\u00e4dtchen des IJsselmeers \u00fcbernimmt der Herbstt\u00f6rn 2 das Steuer. <\/strong>Mit neuer, gemischter Crew setzen wir die Reise fort und verbringen noch einige Segeltage im IJssel- oder Markermeer. Danach beginnt unsere Bergfahrt auf der IJssel, dort entdecken wir historische St\u00e4dte entlang des Flusses und genie\u00dfen die Fahrt durch idyllische Kan\u00e4le. Um unter den teils niedrigen Br\u00fccken hindurchzufahren, legen wir die Masten der Exodus. Dabei ist Teamarbeit gefragt, hier darf jede und jeder flei\u00dfig mit anpacken. St\u00fcck f\u00fcr St\u00fcck n\u00e4hern wir uns dem Ziel, vorbei an gr\u00fcnen Ufern, Windm\u00fchlen und typischen niederl\u00e4ndischen Landschaften. Diese letzte Etappe bietet nicht nur landschaftlich reizvolle Ausblicke, sondern auch Zeit zum Innehalten: f\u00fcr Gespr\u00e4che, Spiele oder zum gemeinsamen Singen. Zur\u00fcck im Rhein beenden wir dann unseren T\u00f6rn in Emmerich und die Segelsaison unseres kleinen Traditionsseglers.<\/p>\n\n\n\n<p>Seit \u00fcber 45 Jahren ist die Exodus im Dienst der evangelischen Jugendarbeit unterwegs und bietet Jugendlichen ein ganz besonderes Abenteuer: Rucksackwandern auf dem Wasser. Mit minimalem Standard, aber maximalem Gemeinschaftsgef\u00fchl erleben wir auf engstem Raum, wie viel in einer Woche m\u00f6glich ist \u2013 neue Erfahrungen, neue Freundschaften und die vielf\u00e4ltige niederl\u00e4ndische Landschaft. Mit unserem bew\u00e4hrten Segelschiff k\u00f6nnen junge Menschen eine neue Welt entdecken, Gemeinschaft erleben und sich selbst besser kennenlernen.<\/p>\n\n\n\n<p>Unter der Leitung von zwei Mitarbeitenden werden die Segel bedient, gesteuert, navigiert, gekocht, geputzt und das Ziel f\u00fcr den n\u00e4chsten Tag geplant. Bei Wind und Wetter ist an Bord jede Hand gefragt und gemeinsam werden die t\u00e4glichen Aufgaben und Herausforderungen gemeistert. Als Lohn der sportlichen und manchmal auch anstrengenden Aktivit\u00e4ten auf dem Schiff winken traumhafte Ankerpl\u00e4tze, malerische Hafenst\u00e4dte und unvergessliche Segelerlebnisse. Die Abende auf oder unter Deck bieten Zeit und Raum f\u00fcr Gespr\u00e4che, Spiele, Musik oder einfach zum lesen und chillen.<\/p>\n\n\n\n<p>Die Exodus bietet Platz f\u00fcr bis zu zw\u00f6lf Personen. Geschlafen und gekocht wird an Bord. Dort gibt es keine einzelnen Kabinen, sondern nur einen gro\u00dfen \u201cRaum\u201d. In diesem befinden sich auch die Kojen zum Schlafen. Einzig die Toilette ist getrennt vom Rest. Das regelm\u00e4\u00dfige Anlaufen der H\u00e4fen erm\u00f6glicht die Nutzung der Duschen in den Hafenanlagen. Sollte es nach einem langen Segeltag doch einmal etwas k\u00fchler werden, w\u00e4rmt der gem\u00fctlich flackernde Ofen die Kaj\u00fcte schnell wieder auf.<\/p>\n\n\n\n<p>Der T\u00f6rnpreis beinhaltet die Hin-\/ R\u00fcckfahrt ab Kleve und alle Mahlzeiten an Bord der Exodus.<\/p>\n\n\n\n<p><strong>Teilnehmenden Beitrag: <\/strong>309,- Euro<br><strong>Teilnehmende:<\/strong> 8 Jugendliche (ab 12 Jahren)<br><strong>Anmeldebeginn: <\/strong>01.12.2025 &#8211; 0 Uhr<\/p>\n\n\n\n<div class=\"wp-block-columns is-layout-flex wp-container-core-columns-is-layout-9d6595d7 wp-block-columns-is-layout-flex\">\n<div class=\"wp-block-column is-layout-flow wp-block-column-is-layout-flow\">\n<div class=\"wp-block-buttons is-content-justification-space-between is-layout-flex wp-container-core-buttons-is-layout-3d213aab wp-block-buttons-is-layout-flex\">\n<div class=\"wp-block-button\"><a class=\"wp-block-button__link has-background wp-element-button\" href=\"https:\/\/effa-segeln.de\/?page_id=1460\" style=\"background-color:#1a206d\">T\u00d6RNS zu teuer?<\/a><\/div>\n\n\n\n<div class=\"wp-block-button\"><a class=\"wp-block-button__link wp-element-button\" href=\"https:\/\/effa-segeln.de\/?page_id=544#Anmeldung\" target=\"_blank\" rel=\"noreferrer noopener\">Anmeldung!<\/a><\/div>\n<\/div>\n<\/div>\n<\/div>\n\n\n\n<p><strong>Veranstalterin:<\/strong> Evangelische Jugend Kleve; Lindenallee 42; 47533 Kleve; Tel. 0 28 21 \/ 23 310<\/p>\n\n\n\n<figure class=\"wp-block-gallery has-nested-images columns-default is-cropped wp-block-gallery-1 is-layout-flex wp-block-gallery-is-layout-flex\">\n<figure class=\"wp-block-image size-large\"><img loading=\"lazy\" decoding=\"async\" width=\"1024\" height=\"685\" sizes=\"auto, (max-width: 1024px) 100vw, 1024px\" data-id=\"31\" src=\"https:\/\/effa-segeln.de\/wp-content\/uploads\/2021\/12\/Exodus-Wallpaper-1024x685.jpeg\" alt=\"\" class=\"wp-image-31\" srcset=\"https:\/\/effa-segeln.de\/wp-content\/uploads\/2021\/12\/Exodus-Wallpaper-1024x685.jpeg 1024w, https:\/\/effa-segeln.de\/wp-content\/uploads\/2021\/12\/Exodus-Wallpaper-300x201.jpeg 300w, https:\/\/effa-segeln.de\/wp-content\/uploads\/2021\/12\/Exodus-Wallpaper-768x514.jpeg 768w, https:\/\/effa-segeln.de\/wp-content\/uploads\/2021\/12\/Exodus-Wallpaper-1536x1028.jpeg 1536w, https:\/\/effa-segeln.de\/wp-content\/uploads\/2021\/12\/Exodus-Wallpaper.jpeg 1600w\" \/><\/figure>\n\n\n\n<figure class=\"wp-block-image size-large\"><img loading=\"lazy\" decoding=\"async\" width=\"1024\" height=\"512\" data-id=\"123\" src=\"https:\/\/effa-segeln.de\/wp-content\/uploads\/2021\/12\/20181021_114220_HDR.jpg\" alt=\"\" class=\"wp-image-123\" srcset=\"https:\/\/effa-segeln.de\/wp-content\/uploads\/2021\/12\/20181021_114220_HDR.jpg 1024w, https:\/\/effa-segeln.de\/wp-content\/uploads\/2021\/12\/20181021_114220_HDR-300x150.jpg 300w, https:\/\/effa-segeln.de\/wp-content\/uploads\/2021\/12\/20181021_114220_HDR-768x384.jpg 768w\" sizes=\"auto, (max-width: 1024px) 100vw, 1024px\" \/><\/figure>\n\n\n\n<figure class=\"wp-block-image size-large\"><img loading=\"lazy\" decoding=\"async\" width=\"1024\" height=\"768\" data-id=\"122\" src=\"https:\/\/effa-segeln.de\/wp-content\/uploads\/2021\/12\/20170809_204459.jpg\" alt=\"\" class=\"wp-image-122\" srcset=\"https:\/\/effa-segeln.de\/wp-content\/uploads\/2021\/12\/20170809_204459.jpg 1024w, https:\/\/effa-segeln.de\/wp-content\/uploads\/2021\/12\/20170809_204459-300x225.jpg 300w, https:\/\/effa-segeln.de\/wp-content\/uploads\/2021\/12\/20170809_204459-768x576.jpg 768w\" sizes=\"auto, (max-width: 1024px) 100vw, 1024px\" \/><\/figure>\n\n\n\n<figure class=\"wp-block-image size-large\"><img loading=\"lazy\" decoding=\"async\" width=\"1024\" height=\"768\" data-id=\"131\" src=\"https:\/\/effa-segeln.de\/wp-content\/uploads\/2021\/12\/IMG_20170810_205240.jpg\" alt=\"\" class=\"wp-image-131\" srcset=\"https:\/\/effa-segeln.de\/wp-content\/uploads\/2021\/12\/IMG_20170810_205240.jpg 1024w, https:\/\/effa-segeln.de\/wp-content\/uploads\/2021\/12\/IMG_20170810_205240-300x225.jpg 300w, https:\/\/effa-segeln.de\/wp-content\/uploads\/2021\/12\/IMG_20170810_205240-768x576.jpg 768w\" sizes=\"auto, (max-width: 1024px) 100vw, 1024px\" \/><\/figure>\n\n\n\n<figure class=\"wp-block-image size-large\"><img loading=\"lazy\" decoding=\"async\" width=\"1024\" height=\"683\" data-id=\"127\" src=\"https:\/\/effa-segeln.de\/wp-content\/uploads\/2021\/12\/DSC06168.jpg\" alt=\"\" class=\"wp-image-127\" srcset=\"https:\/\/effa-segeln.de\/wp-content\/uploads\/2021\/12\/DSC06168.jpg 1024w, https:\/\/effa-segeln.de\/wp-content\/uploads\/2021\/12\/DSC06168-300x200.jpg 300w, https:\/\/effa-segeln.de\/wp-content\/uploads\/2021\/12\/DSC06168-768x512.jpg 768w\" sizes=\"auto, (max-width: 1024px) 100vw, 1024px\" \/><\/figure>\n\n\n\n<figure class=\"wp-block-image size-large\"><img loading=\"lazy\" decoding=\"async\" width=\"1024\" height=\"576\" data-id=\"125\" src=\"https:\/\/effa-segeln.de\/wp-content\/uploads\/2021\/12\/DJI_0028-1.jpg\" alt=\"\" class=\"wp-image-125\" srcset=\"https:\/\/effa-segeln.de\/wp-content\/uploads\/2021\/12\/DJI_0028-1.jpg 1024w, https:\/\/effa-segeln.de\/wp-content\/uploads\/2021\/12\/DJI_0028-1-300x169.jpg 300w, https:\/\/effa-segeln.de\/wp-content\/uploads\/2021\/12\/DJI_0028-1-768x432.jpg 768w\" sizes=\"auto, (max-width: 1024px) 100vw, 1024px\" \/><\/figure>\n\n\n\n<figure class=\"wp-block-image size-large\"><img loading=\"lazy\" decoding=\"async\" width=\"683\" height=\"1024\" data-id=\"171\" src=\"https:\/\/effa-segeln.de\/wp-content\/uploads\/2021\/12\/DSC07816-rotated.jpg\" alt=\"\" class=\"wp-image-171\" srcset=\"https:\/\/effa-segeln.de\/wp-content\/uploads\/2021\/12\/DSC07816-rotated.jpg 683w, https:\/\/effa-segeln.de\/wp-content\/uploads\/2021\/12\/DSC07816-200x300.jpg 200w\" sizes=\"auto, (max-width: 683px) 100vw, 683px\" \/><\/figure>\n<\/figure>\n","protected":false},"excerpt":{"rendered":"<p>Herbstferien in NRW: EXODUS M\u00e4dchent\u00f6rn &#8211; 1. Ferienwoche: 17.-24.10.2026Sonja Prellwitz, Janna Nielen EXODUS Herbstt\u00f6rn II &#8211; 2. Ferienwoche: 24.-31.10.2026Falko Mesch, Katharina Ilbertz, Mattis Senger Mit dem M\u00e4dchent\u00f6rn starten wir direkt am IJsselmeer und erkunden gemeinsam die charmanten Hafenst\u00e4dte entlang der niederl\u00e4ndischen K\u00fcsten. Je nach Wind, Wetter und Lust der Crew ist auch ein Abstecher zu [&hellip;]<\/p>\n","protected":false},"author":5,"featured_media":0,"parent":0,"menu_order":0,"comment_status":"closed","ping_status":"closed","template":"templates\/template-full-width.php","meta":{"ngg_post_thumbnail":0,"footnotes":""},"class_list":["post-1293","page","type-page","status-publish","hentry"],"_links":{"self":[{"href":"https:\/\/effa-segeln.de\/index.php?rest_route=\/wp\/v2\/pages\/1293","targetHints":{"allow":["GET"]}}],"collection":[{"href":"https:\/\/effa-segeln.de\/index.php?rest_route=\/wp\/v2\/pages"}],"about":[{"href":"https:\/\/effa-segeln.de\/index.php?rest_route=\/wp\/v2\/types\/page"}],"author":[{"embeddable":true,"href":"https:\/\/effa-segeln.de\/index.php?rest_route=\/wp\/v2\/users\/5"}],"replies":[{"embeddable":true,"href":"https:\/\/effa-segeln.de\/index.php?rest_route=%2Fwp%2Fv2%2Fcomments&post=1293"}],"version-history":[{"count":13,"href":"https:\/\/effa-segeln.de\/index.php?rest_route=\/wp\/v2\/pages\/1293\/revisions"}],"predecessor-version":[{"id":1722,"href":"https:\/\/effa-segeln.de\/index.php?rest_route=\/wp\/v2\/pages\/1293\/revisions\/1722"}],"wp:attachment":[{"href":"https:\/\/effa-segeln.de\/index.php?rest_route=%2Fwp%2Fv2%2Fmedia&parent=1293"}],"curies":[{"name":"wp","href":"https:\/\/api.w.org\/{rel}","templated":true}]}}

Herbsttörns 2026

<p>Herbstferien in NRW:</p>



<p><strong>EXODUS Mädchentörn </strong>&#8211; 1. Ferienwoche: 17.-24.10.2026<br>Sonja Prellwitz, Janna Nielen</p>



<p><strong>EXODUS Herbsttörn II</strong> &#8211; 2. Ferienwoche: 24.-31.10.2026<br>Falko Mesch, Katharina Ilbertz, Mattis Senger</p>


<div class="wp-block-image">
<figure class="aligncenter size-full"><img data-dominant-color="786964" data-has-transparency="false" style="--dominant-color: #786964;" loading="lazy" decoding="async" width="1024" height="576" sizes="auto, (max-width: 1024px) 100vw, 1024px" src="https://effa-segeln.de/wp-content/uploads/2023/10/IMG_20211015_175000-edited.webp" alt="" class="wp-image-651 not-transparent" srcset="https://effa-segeln.de/wp-content/uploads/2023/10/IMG_20211015_175000-edited.webp 1024w, https://effa-segeln.de/wp-content/uploads/2023/10/IMG_20211015_175000-edited-300x169.webp 300w, https://effa-segeln.de/wp-content/uploads/2023/10/IMG_20211015_175000-edited-768x432.webp 768w" /><figcaption class="wp-element-caption">Herbsttörn im deutschen Wattenmeer</figcaption></figure>
</div>


<p><strong>Mit dem Mädchentörn starten wir direkt am IJsselmeer und erkunden gemeinsam die charmanten Hafenstädte entlang der niederländischen Küsten.</strong> Je nach Wind, Wetter und Lust der Crew ist auch ein Abstecher zu den niederländischen Watteninseln möglich, dort lässt sich die einzigartige Landschaft zu Fuß oder mit dem Fahrrad entdecken.</p>



<p>Die Skipperinnen laden Mädchen und alle, die sich als weiblich identifizieren, für einen exklusiven Mädels-Törn ein. Dieser Törn bietet die Chance, sich fernab gesellschaftlicher Erwartungen auszuprobieren, ihre Stärken zu entdecken und in einer wertschätzenden Atmosphäre gemeinsam unterwegs zu sein. Es eröffnen sich auch ganz neue Freizeitgestaltungsmöglichkeiten, die immer in Abstimmung mit den Wünschen der Crew getroffen werden. Weibliche Leitungspersonen übernehmen das Kommando an Bord und schaffen nicht nur ein inspirierendes Vorbild im Umgang mit Verantwortung und Führung, sondern auch einen sicheren Raum, in dem über persönliche Themen offen gesprochen werden kann.</p>



<p><strong>Nach dem Törnwechsel in einem der Hafenstädtchen des IJsselmeers übernimmt der Herbsttörn 2 das Steuer. </strong>Mit neuer, gemischter Crew setzen wir die Reise fort und verbringen noch einige Segeltage im IJssel- oder Markermeer. Danach beginnt unsere Bergfahrt auf der IJssel, dort entdecken wir historische Städte entlang des Flusses und genießen die Fahrt durch idyllische Kanäle. Um unter den teils niedrigen Brücken hindurchzufahren, legen wir die Masten der Exodus. Dabei ist Teamarbeit gefragt, hier darf jede und jeder fleißig mit anpacken. Stück für Stück nähern wir uns dem Ziel, vorbei an grünen Ufern, Windmühlen und typischen niederländischen Landschaften. Diese letzte Etappe bietet nicht nur landschaftlich reizvolle Ausblicke, sondern auch Zeit zum Innehalten: für Gespräche, Spiele oder zum gemeinsamen Singen. Zurück im Rhein beenden wir dann unseren Törn in Emmerich und die Segelsaison unseres kleinen Traditionsseglers.</p>



<p>Seit über 45 Jahren ist die Exodus im Dienst der evangelischen Jugendarbeit unterwegs und bietet Jugendlichen ein ganz besonderes Abenteuer: Rucksackwandern auf dem Wasser. Mit minimalem Standard, aber maximalem Gemeinschaftsgefühl erleben wir auf engstem Raum, wie viel in einer Woche möglich ist – neue Erfahrungen, neue Freundschaften und die vielfältige niederländische Landschaft. Mit unserem bewährten Segelschiff können junge Menschen eine neue Welt entdecken, Gemeinschaft erleben und sich selbst besser kennenlernen.</p>



<p>Unter der Leitung von zwei Mitarbeitenden werden die Segel bedient, gesteuert, navigiert, gekocht, geputzt und das Ziel für den nächsten Tag geplant. Bei Wind und Wetter ist an Bord jede Hand gefragt und gemeinsam werden die täglichen Aufgaben und Herausforderungen gemeistert. Als Lohn der sportlichen und manchmal auch anstrengenden Aktivitäten auf dem Schiff winken traumhafte Ankerplätze, malerische Hafenstädte und unvergessliche Segelerlebnisse. Die Abende auf oder unter Deck bieten Zeit und Raum für Gespräche, Spiele, Musik oder einfach zum lesen und chillen.</p>



<p>Die Exodus bietet Platz für bis zu zwölf Personen. Geschlafen und gekocht wird an Bord. Dort gibt es keine einzelnen Kabinen, sondern nur einen großen “Raum”. In diesem befinden sich auch die Kojen zum Schlafen. Einzig die Toilette ist getrennt vom Rest. Das regelmäßige Anlaufen der Häfen ermöglicht die Nutzung der Duschen in den Hafenanlagen. Sollte es nach einem langen Segeltag doch einmal etwas kühler werden, wärmt der gemütlich flackernde Ofen die Kajüte schnell wieder auf.</p>



<p>Der Törnpreis beinhaltet die Hin-/ Rückfahrt ab Kleve und alle Mahlzeiten an Bord der Exodus.</p>



<p><strong>Teilnehmenden Beitrag: </strong>309,- Euro<br><strong>Teilnehmende:</strong> 8 Jugendliche (ab 12 Jahren)<br><strong>Anmeldebeginn: </strong>01.12.2025 &#8211; 0 Uhr</p>



<div class="wp-block-columns is-layout-flex wp-container-core-columns-is-layout-9d6595d7 wp-block-columns-is-layout-flex">
<div class="wp-block-column is-layout-flow wp-block-column-is-layout-flow">
<div class="wp-block-buttons is-content-justification-space-between is-layout-flex wp-container-core-buttons-is-layout-3d213aab wp-block-buttons-is-layout-flex">
<div class="wp-block-button"><a class="wp-block-button__link has-background wp-element-button" href="https://effa-segeln.de/?page_id=1460" style="background-color:#1a206d">TÖRNS zu teuer?</a></div>



<div class="wp-block-button"><a class="wp-block-button__link wp-element-button" href="https://effa-segeln.de/?page_id=544#Anmeldung" target="_blank" rel="noreferrer noopener">Anmeldung!</a></div>
</div>
</div>
</div>



<p><strong>Veranstalterin:</strong> Evangelische Jugend Kleve; Lindenallee 42; 47533 Kleve; Tel. 0 28 21 / 23 310</p>



<figure class="wp-block-gallery has-nested-images columns-default is-cropped wp-block-gallery-1 is-layout-flex wp-block-gallery-is-layout-flex">
<figure class="wp-block-image size-large"><img loading="lazy" decoding="async" width="1024" height="685" sizes="auto, (max-width: 1024px) 100vw, 1024px" data-id="31" src="https://effa-segeln.de/wp-content/uploads/2021/12/Exodus-Wallpaper-1024x685.jpeg" alt="" class="wp-image-31" srcset="https://effa-segeln.de/wp-content/uploads/2021/12/Exodus-Wallpaper-1024x685.jpeg 1024w, https://effa-segeln.de/wp-content/uploads/2021/12/Exodus-Wallpaper-300x201.jpeg 300w, https://effa-segeln.de/wp-content/uploads/2021/12/Exodus-Wallpaper-768x514.jpeg 768w, https://effa-segeln.de/wp-content/uploads/2021/12/Exodus-Wallpaper-1536x1028.jpeg 1536w, https://effa-segeln.de/wp-content/uploads/2021/12/Exodus-Wallpaper.jpeg 1600w" /></figure>



<figure class="wp-block-image size-large"><img loading="lazy" decoding="async" width="1024" height="512" data-id="123" src="https://effa-segeln.de/wp-content/uploads/2021/12/20181021_114220_HDR.jpg" alt="" class="wp-image-123" srcset="https://effa-segeln.de/wp-content/uploads/2021/12/20181021_114220_HDR.jpg 1024w, https://effa-segeln.de/wp-content/uploads/2021/12/20181021_114220_HDR-300x150.jpg 300w, https://effa-segeln.de/wp-content/uploads/2021/12/20181021_114220_HDR-768x384.jpg 768w" sizes="auto, (max-width: 1024px) 100vw, 1024px" /></figure>



<figure class="wp-block-image size-large"><img loading="lazy" decoding="async" width="1024" height="768" data-id="122" src="https://effa-segeln.de/wp-content/uploads/2021/12/20170809_204459.jpg" alt="" class="wp-image-122" srcset="https://effa-segeln.de/wp-content/uploads/2021/12/20170809_204459.jpg 1024w, https://effa-segeln.de/wp-content/uploads/2021/12/20170809_204459-300x225.jpg 300w, https://effa-segeln.de/wp-content/uploads/2021/12/20170809_204459-768x576.jpg 768w" sizes="auto, (max-width: 1024px) 100vw, 1024px" /></figure>



<figure class="wp-block-image size-large"><img loading="lazy" decoding="async" width="1024" height="768" data-id="131" src="https://effa-segeln.de/wp-content/uploads/2021/12/IMG_20170810_205240.jpg" alt="" class="wp-image-131" srcset="https://effa-segeln.de/wp-content/uploads/2021/12/IMG_20170810_205240.jpg 1024w, https://effa-segeln.de/wp-content/uploads/2021/12/IMG_20170810_205240-300x225.jpg 300w, https://effa-segeln.de/wp-content/uploads/2021/12/IMG_20170810_205240-768x576.jpg 768w" sizes="auto, (max-width: 1024px) 100vw, 1024px" /></figure>



<figure class="wp-block-image size-large"><img loading="lazy" decoding="async" width="1024" height="683" data-id="127" src="https://effa-segeln.de/wp-content/uploads/2021/12/DSC06168.jpg" alt="" class="wp-image-127" srcset="https://effa-segeln.de/wp-content/uploads/2021/12/DSC06168.jpg 1024w, https://effa-segeln.de/wp-content/uploads/2021/12/DSC06168-300x200.jpg 300w, https://effa-segeln.de/wp-content/uploads/2021/12/DSC06168-768x512.jpg 768w" sizes="auto, (max-width: 1024px) 100vw, 1024px" /></figure>



<figure class="wp-block-image size-large"><img loading="lazy" decoding="async" width="1024" height="576" data-id="125" src="https://effa-segeln.de/wp-content/uploads/2021/12/DJI_0028-1.jpg" alt="" class="wp-image-125" srcset="https://effa-segeln.de/wp-content/uploads/2021/12/DJI_0028-1.jpg 1024w, https://effa-segeln.de/wp-content/uploads/2021/12/DJI_0028-1-300x169.jpg 300w, https://effa-segeln.de/wp-content/uploads/2021/12/DJI_0028-1-768x432.jpg 768w" sizes="auto, (max-width: 1024px) 100vw, 1024px" /></figure>



<figure class="wp-block-image size-large"><img loading="lazy" decoding="async" width="683" height="1024" data-id="171" src="https://effa-segeln.de/wp-content/uploads/2021/12/DSC07816-rotated.jpg" alt="" class="wp-image-171" srcset="https://effa-segeln.de/wp-content/uploads/2021/12/DSC07816-rotated.jpg 683w, https://effa-segeln.de/wp-content/uploads/2021/12/DSC07816-200x300.jpg 200w" sizes="auto, (max-width: 683px) 100vw, 683px" /></figure>
</figure>

<p>Herbstferien in NRW: EXODUS Mädchentörn &#8211; 1. Ferienwoche: 17.-24.10.2026Sonja Prellwitz, Janna Nielen EXODUS Herbsttörn II &#8211; 2. Ferienwoche: 24.-31.10.2026Falko Mesch, Katharina Ilbertz, Mattis Senger Mit dem Mädchentörn starten wir direkt am IJsselmeer und erkunden gemeinsam die charmanten Hafenstädte entlang der niederländischen Küsten. Je nach Wind, Wetter und Lust der Crew ist auch ein Abstecher zu [&hellip;]</p>
