{"id":19,"date":"2021-12-19T15:31:02","date_gmt":"2021-12-19T14:31:02","guid":{"rendered":"https:\/\/neu.effa-segeln.de\/?page_id=19"},"modified":"2024-11-09T19:49:19","modified_gmt":"2024-11-09T18:49:19","slug":"winterlager","status":"publish","type":"page","link":"https:\/\/effa-segeln.de\/?page_id=19","title":{"rendered":"Winterlager"},"content":{"rendered":"\n<p><\/p>\n\n\n\n<p>Das Winterlager der Exodus und unserer anderen Boote befindet sich am Spoykanal an der <a href=\"https:\/\/maps.app.goo.gl\/M58S9EdgJPa1qJBb6\" data-type=\"link\" data-id=\"https:\/\/maps.app.goo.gl\/M58S9EdgJPa1qJBb6\">Benzstrasse 12<\/a> in Kleve.<\/p>\n\n\n\n<p>Im Winterlager pflegen und reparieren wir von November bis M\u00e4rz die Exodus und auch die anderen Boote und Dingis der Evangelischen Jugend Kleve. Unsere Werkstatt ist gut ausgestattet und wir arbeiten viel mit Holz, machen aber auch einige Stahlarbeiten und Reparaturen an Kunststofflaminaten und, last but not least, werden die ganzen Dinge dann auch lackiert oder ge\u00f6lt.<\/p>\n\n\n\n<p>Zu den weiteren Arbeiten geh\u00f6ren auch Reparatur und Wartung der Motoren und der Bordnetzelektrik so dass auch hier spannende Einblicke auf euch warten. Denn die Schiffe sollen im Fr\u00fchjahr ja wieder schick aussehen und f\u00fcr die Saison ger\u00fcstet sein. &nbsp;<\/p>\n\n\n\n<p>In der Gruppe macht das ganze doppelt Spa\u00df und die verschiedenen Fertigkeiten helfen sp\u00e4ter auch bei der Verwirklichung von eigenen Projekten.<\/p>\n\n\n\n<p>Wir treffen uns im Winter in der Regel <strong>jeden Samstag<\/strong> am Winterlager. Wir machen aber auch schon mal an anderen Tagen was Gemeinsames oder gehen dann im Sommer auch mal am Altrhein segeln. &nbsp;<\/p>\n\n\n\n<p>Falls Du also Spa\u00df an handwerklichen Arbeiten hast oder das einfach mal gerne ausprobieren m\u00f6chtest, kannst Du gerne bei uns mitmachen oder auch nur mal reinschnuppern.<\/p>\n\n\n\n<p>Melde Dich bei Hans-Ulrich von Quistorp oder Leo Nass, wir freuen uns auf Deine Mail, dann erf\u00e4hrst du wann wir uns das n\u00e4chste Mal treffen.<\/p>\n\n\n\n<p><a href=\"mailto:h.quistorp@effa-segeln.de\">h.quistorp@effa-segeln.de<\/a><\/p>\n\n\n\n<p><a href=\"mailto:l.nass@effa-segeln.de\">l.nass@effa-segeln.de<\/a>  <\/p>\n\n\n\n<figure class=\"wp-block-gallery has-nested-images columns-2 is-cropped wp-block-gallery-1 is-layout-flex wp-block-gallery-is-layout-flex\">\n<figure class=\"wp-block-image size-large is-style-default\"><a href=\"https:\/\/effa-segeln.de\/wp-content\/uploads\/2022\/05\/20190223_201040-scaled.jpg\" target=\"_blank\" rel=\"noopener\"><img loading=\"lazy\" decoding=\"async\" width=\"1024\" height=\"768\" sizes=\"auto, (max-width: 1024px) 100vw, 1024px\" data-id=\"229\" src=\"https:\/\/effa-segeln.de\/wp-content\/uploads\/2022\/05\/20190223_201040-1024x768.jpg\" alt=\"\" class=\"wp-image-229\" srcset=\"https:\/\/effa-segeln.de\/wp-content\/uploads\/2022\/05\/20190223_201040-1024x768.jpg 1024w, https:\/\/effa-segeln.de\/wp-content\/uploads\/2022\/05\/20190223_201040-300x225.jpg 300w, https:\/\/effa-segeln.de\/wp-content\/uploads\/2022\/05\/20190223_201040-768x576.jpg 768w, https:\/\/effa-segeln.de\/wp-content\/uploads\/2022\/05\/20190223_201040-1536x1152.jpg 1536w, https:\/\/effa-segeln.de\/wp-content\/uploads\/2022\/05\/20190223_201040-2048x1536.jpg 2048w, https:\/\/effa-segeln.de\/wp-content\/uploads\/2022\/05\/20190223_201040-1200x900.jpg 1200w, https:\/\/effa-segeln.de\/wp-content\/uploads\/2022\/05\/20190223_201040-1980x1485.jpg 1980w\" \/><\/a><figcaption class=\"wp-element-caption\">\u00d6len der neu gebauten Masten<\/figcaption><\/figure>\n\n\n\n<figure class=\"wp-block-image size-medium\"><a href=\"https:\/\/effa-segeln.de\/wp-content\/uploads\/2022\/05\/IMG_20211030_141833.jpg\" target=\"_blank\" rel=\"noopener\"><img loading=\"lazy\" decoding=\"async\" width=\"300\" height=\"225\" sizes=\"auto, (max-width: 300px) 100vw, 300px\" data-id=\"228\" src=\"https:\/\/effa-segeln.de\/wp-content\/uploads\/2022\/05\/IMG_20211030_141833-300x225.jpg\" alt=\"\" class=\"wp-image-228\" srcset=\"https:\/\/effa-segeln.de\/wp-content\/uploads\/2022\/05\/IMG_20211030_141833-300x225.jpg 300w, https:\/\/effa-segeln.de\/wp-content\/uploads\/2022\/05\/IMG_20211030_141833-768x576.jpg 768w, https:\/\/effa-segeln.de\/wp-content\/uploads\/2022\/05\/IMG_20211030_141833.jpg 1024w\" \/><\/a><figcaption class=\"wp-element-caption\">Pause mit leckerem Essen<\/figcaption><\/figure>\n<\/figure>\n\n\n\n<p><\/p>\n\n\n\n<div class=\"wp-block-columns is-layout-flex wp-container-core-columns-is-layout-9d6595d7 wp-block-columns-is-layout-flex\">\n<div class=\"wp-block-column is-layout-flow wp-block-column-is-layout-flow\">\n<figure class=\"wp-block-gallery has-nested-images columns-default is-cropped wp-block-gallery-2 is-layout-flex wp-block-gallery-is-layout-flex\">\n<figure class=\"wp-block-image size-large\"><img loading=\"lazy\" decoding=\"async\" width=\"800\" height=\"1000\" data-id=\"436\" src=\"https:\/\/effa-segeln.de\/wp-content\/uploads\/2023\/03\/Winterlager-Blau-streichen.jpg\" alt=\"\" class=\"wp-image-436\" srcset=\"https:\/\/effa-segeln.de\/wp-content\/uploads\/2023\/03\/Winterlager-Blau-streichen.jpg 800w, https:\/\/effa-segeln.de\/wp-content\/uploads\/2023\/03\/Winterlager-Blau-streichen-240x300.jpg 240w, https:\/\/effa-segeln.de\/wp-content\/uploads\/2023\/03\/Winterlager-Blau-streichen-768x960.jpg 768w\" sizes=\"auto, (max-width: 800px) 100vw, 800px\" \/><figcaption class=\"wp-element-caption\">Blauanstrich<\/figcaption><\/figure>\n<\/figure>\n<\/div>\n\n\n\n<div class=\"wp-block-column is-layout-flow wp-block-column-is-layout-flow\">\n<figure class=\"wp-block-gallery has-nested-images columns-default is-cropped wp-block-gallery-3 is-layout-flex wp-block-gallery-is-layout-flex\">\n<figure class=\"wp-block-image size-large\"><img loading=\"lazy\" decoding=\"async\" width=\"815\" height=\"1024\" sizes=\"auto, (max-width: 815px) 100vw, 815px\" data-id=\"438\" src=\"https:\/\/effa-segeln.de\/wp-content\/uploads\/2023\/03\/Einbau-des-neuen-Maststuhls-e1680091300747-815x1024.jpg\" alt=\"\" class=\"wp-image-438\" srcset=\"https:\/\/effa-segeln.de\/wp-content\/uploads\/2023\/03\/Einbau-des-neuen-Maststuhls-e1680091300747-815x1024.jpg 815w, https:\/\/effa-segeln.de\/wp-content\/uploads\/2023\/03\/Einbau-des-neuen-Maststuhls-e1680091300747-239x300.jpg 239w, https:\/\/effa-segeln.de\/wp-content\/uploads\/2023\/03\/Einbau-des-neuen-Maststuhls-e1680091300747-768x965.jpg 768w, https:\/\/effa-segeln.de\/wp-content\/uploads\/2023\/03\/Einbau-des-neuen-Maststuhls-e1680091300747.jpg 900w\" \/><figcaption class=\"wp-element-caption\">Einbau des neuen Maststuhls<\/figcaption><\/figure>\n<\/figure>\n<\/div>\n<\/div>\n","protected":false},"excerpt":{"rendered":"<p>Das Winterlager der Exodus und unserer anderen Boote befindet sich am Spoykanal an der Benzstrasse 12 in Kleve. Im Winterlager pflegen und reparieren wir von November bis M\u00e4rz die Exodus und auch die anderen Boote und Dingis der Evangelischen Jugend Kleve. Unsere Werkstatt ist gut ausgestattet und wir arbeiten viel mit Holz, machen aber auch [&hellip;]<\/p>\n","protected":false},"author":2,"featured_media":0,"parent":0,"menu_order":33,"comment_status":"closed","ping_status":"closed","template":"","meta":{"ngg_post_thumbnail":0,"footnotes":""},"class_list":["post-19","page","type-page","status-publish","hentry"],"_links":{"self":[{"href":"https:\/\/effa-segeln.de\/index.php?rest_route=\/wp\/v2\/pages\/19","targetHints":{"allow":["GET"]}}],"collection":[{"href":"https:\/\/effa-segeln.de\/index.php?rest_route=\/wp\/v2\/pages"}],"about":[{"href":"https:\/\/effa-segeln.de\/index.php?rest_route=\/wp\/v2\/types\/page"}],"author":[{"embeddable":true,"href":"https:\/\/effa-segeln.de\/index.php?rest_route=\/wp\/v2\/users\/2"}],"replies":[{"embeddable":true,"href":"https:\/\/effa-segeln.de\/index.php?rest_route=%2Fwp%2Fv2%2Fcomments&post=19"}],"version-history":[{"count":14,"href":"https:\/\/effa-segeln.de\/index.php?rest_route=\/wp\/v2\/pages\/19\/revisions"}],"predecessor-version":[{"id":923,"href":"https:\/\/effa-segeln.de\/index.php?rest_route=\/wp\/v2\/pages\/19\/revisions\/923"}],"wp:attachment":[{"href":"https:\/\/effa-segeln.de\/index.php?rest_route=%2Fwp%2Fv2%2Fmedia&parent=19"}],"curies":[{"name":"wp","href":"https:\/\/api.w.org\/{rel}","templated":true}]}}

<p></p>



<p>Das Winterlager der Exodus und unserer anderen Boote befindet sich am Spoykanal an der <a href="https://maps.app.goo.gl/M58S9EdgJPa1qJBb6" data-type="link" data-id="https://maps.app.goo.gl/M58S9EdgJPa1qJBb6">Benzstrasse 12</a> in Kleve.</p>



<p>Im Winterlager pflegen und reparieren wir von November bis März die Exodus und auch die anderen Boote und Dingis der Evangelischen Jugend Kleve. Unsere Werkstatt ist gut ausgestattet und wir arbeiten viel mit Holz, machen aber auch einige Stahlarbeiten und Reparaturen an Kunststofflaminaten und, last but not least, werden die ganzen Dinge dann auch lackiert oder geölt.</p>



<p>Zu den weiteren Arbeiten gehören auch Reparatur und Wartung der Motoren und der Bordnetzelektrik so dass auch hier spannende Einblicke auf euch warten. Denn die Schiffe sollen im Frühjahr ja wieder schick aussehen und für die Saison gerüstet sein. &nbsp;</p>



<p>In der Gruppe macht das ganze doppelt Spaß und die verschiedenen Fertigkeiten helfen später auch bei der Verwirklichung von eigenen Projekten.</p>



<p>Wir treffen uns im Winter in der Regel <strong>jeden Samstag</strong> am Winterlager. Wir machen aber auch schon mal an anderen Tagen was Gemeinsames oder gehen dann im Sommer auch mal am Altrhein segeln. &nbsp;</p>



<p>Falls Du also Spaß an handwerklichen Arbeiten hast oder das einfach mal gerne ausprobieren möchtest, kannst Du gerne bei uns mitmachen oder auch nur mal reinschnuppern.</p>



<p>Melde Dich bei Hans-Ulrich von Quistorp oder Leo Nass, wir freuen uns auf Deine Mail, dann erfährst du wann wir uns das nächste Mal treffen.</p>



<p><a href="mailto:h.quistorp@effa-segeln.de">h.quistorp@effa-segeln.de</a></p>



<p><a href="mailto:l.nass@effa-segeln.de">l.nass@effa-segeln.de</a>  </p>



<figure class="wp-block-gallery has-nested-images columns-2 is-cropped wp-block-gallery-1 is-layout-flex wp-block-gallery-is-layout-flex">
<figure class="wp-block-image size-large is-style-default"><a href="https://effa-segeln.de/wp-content/uploads/2022/05/20190223_201040-scaled.jpg" target="_blank" rel="noopener"><img loading="lazy" decoding="async" width="1024" height="768" sizes="auto, (max-width: 1024px) 100vw, 1024px" data-id="229" src="https://effa-segeln.de/wp-content/uploads/2022/05/20190223_201040-1024x768.jpg" alt="" class="wp-image-229" srcset="https://effa-segeln.de/wp-content/uploads/2022/05/20190223_201040-1024x768.jpg 1024w, https://effa-segeln.de/wp-content/uploads/2022/05/20190223_201040-300x225.jpg 300w, https://effa-segeln.de/wp-content/uploads/2022/05/20190223_201040-768x576.jpg 768w, https://effa-segeln.de/wp-content/uploads/2022/05/20190223_201040-1536x1152.jpg 1536w, https://effa-segeln.de/wp-content/uploads/2022/05/20190223_201040-2048x1536.jpg 2048w, https://effa-segeln.de/wp-content/uploads/2022/05/20190223_201040-1200x900.jpg 1200w, https://effa-segeln.de/wp-content/uploads/2022/05/20190223_201040-1980x1485.jpg 1980w" /></a><figcaption class="wp-element-caption">Ölen der neu gebauten Masten</figcaption></figure>



<figure class="wp-block-image size-medium"><a href="https://effa-segeln.de/wp-content/uploads/2022/05/IMG_20211030_141833.jpg" target="_blank" rel="noopener"><img loading="lazy" decoding="async" width="300" height="225" sizes="auto, (max-width: 300px) 100vw, 300px" data-id="228" src="https://effa-segeln.de/wp-content/uploads/2022/05/IMG_20211030_141833-300x225.jpg" alt="" class="wp-image-228" srcset="https://effa-segeln.de/wp-content/uploads/2022/05/IMG_20211030_141833-300x225.jpg 300w, https://effa-segeln.de/wp-content/uploads/2022/05/IMG_20211030_141833-768x576.jpg 768w, https://effa-segeln.de/wp-content/uploads/2022/05/IMG_20211030_141833.jpg 1024w" /></a><figcaption class="wp-element-caption">Pause mit leckerem Essen</figcaption></figure>
</figure>



<p></p>



<div class="wp-block-columns is-layout-flex wp-container-core-columns-is-layout-9d6595d7 wp-block-columns-is-layout-flex">
<div class="wp-block-column is-layout-flow wp-block-column-is-layout-flow">
<figure class="wp-block-gallery has-nested-images columns-default is-cropped wp-block-gallery-2 is-layout-flex wp-block-gallery-is-layout-flex">
<figure class="wp-block-image size-large"><img loading="lazy" decoding="async" width="800" height="1000" data-id="436" src="https://effa-segeln.de/wp-content/uploads/2023/03/Winterlager-Blau-streichen.jpg" alt="" class="wp-image-436" srcset="https://effa-segeln.de/wp-content/uploads/2023/03/Winterlager-Blau-streichen.jpg 800w, https://effa-segeln.de/wp-content/uploads/2023/03/Winterlager-Blau-streichen-240x300.jpg 240w, https://effa-segeln.de/wp-content/uploads/2023/03/Winterlager-Blau-streichen-768x960.jpg 768w" sizes="auto, (max-width: 800px) 100vw, 800px" /><figcaption class="wp-element-caption">Blauanstrich</figcaption></figure>
</figure>
</div>



<div class="wp-block-column is-layout-flow wp-block-column-is-layout-flow">
<figure class="wp-block-gallery has-nested-images columns-default is-cropped wp-block-gallery-3 is-layout-flex wp-block-gallery-is-layout-flex">
<figure class="wp-block-image size-large"><img loading="lazy" decoding="async" width="815" height="1024" sizes="auto, (max-width: 815px) 100vw, 815px" data-id="438" src="https://effa-segeln.de/wp-content/uploads/2023/03/Einbau-des-neuen-Maststuhls-e1680091300747-815x1024.jpg" alt="" class="wp-image-438" srcset="https://effa-segeln.de/wp-content/uploads/2023/03/Einbau-des-neuen-Maststuhls-e1680091300747-815x1024.jpg 815w, https://effa-segeln.de/wp-content/uploads/2023/03/Einbau-des-neuen-Maststuhls-e1680091300747-239x300.jpg 239w, https://effa-segeln.de/wp-content/uploads/2023/03/Einbau-des-neuen-Maststuhls-e1680091300747-768x965.jpg 768w, https://effa-segeln.de/wp-content/uploads/2023/03/Einbau-des-neuen-Maststuhls-e1680091300747.jpg 900w" /><figcaption class="wp-element-caption">Einbau des neuen Maststuhls</figcaption></figure>
</figure>
</div>
</div>

<p>Das Winterlager der Exodus und unserer anderen Boote befindet sich am Spoykanal an der Benzstrasse 12 in Kleve. Im Winterlager pflegen und reparieren wir von November bis März die Exodus und auch die anderen Boote und Dingis der Evangelischen Jugend Kleve. Unsere Werkstatt ist gut ausgestattet und wir arbeiten viel mit Holz, machen aber auch [&hellip;]</p>
