{"id":24,"date":"2021-12-19T15:31:02","date_gmt":"2021-12-19T14:31:02","guid":{"rendered":"https:\/\/neu.effa-segeln.de\/?page_id=24"},"modified":"2025-09-04T21:11:08","modified_gmt":"2025-09-04T19:11:08","slug":"gruppen","status":"publish","type":"page","link":"https:\/\/effa-segeln.de\/?page_id=24","title":{"rendered":"\u00dcber uns"},"content":{"rendered":"\n<figure class=\"wp-block-image size-large\"><a href=\"https:\/\/effa-segeln.de\/wp-content\/uploads\/2024\/10\/Juleica-Gruppenbild_klein-scaled.jpg\" target=\"_blank\" rel=\"noopener\"><img loading=\"lazy\" decoding=\"async\" width=\"1800\" height=\"1080\" sizes=\"auto, (max-width: 1800px) 100vw, 1800px\" src=\"https:\/\/effa-segeln.de\/wp-content\/uploads\/2024\/10\/Juleica-Gruppenbild_klein-1800x1080.jpg\" alt=\"\" class=\"wp-image-1045\" srcset=\"https:\/\/effa-segeln.de\/wp-content\/uploads\/2024\/10\/Juleica-Gruppenbild_klein-1800x1080.jpg 1800w, https:\/\/effa-segeln.de\/wp-content\/uploads\/2024\/10\/Juleica-Gruppenbild_klein-300x180.jpg 300w, https:\/\/effa-segeln.de\/wp-content\/uploads\/2024\/10\/Juleica-Gruppenbild_klein-768x461.jpg 768w, https:\/\/effa-segeln.de\/wp-content\/uploads\/2024\/10\/Juleica-Gruppenbild_klein-1536x922.jpg 1536w, https:\/\/effa-segeln.de\/wp-content\/uploads\/2024\/10\/Juleica-Gruppenbild_klein-2048x1229.jpg 2048w, https:\/\/effa-segeln.de\/wp-content\/uploads\/2024\/10\/Juleica-Gruppenbild_klein-1200x720.jpg 1200w, https:\/\/effa-segeln.de\/wp-content\/uploads\/2024\/10\/Juleica-Gruppenbild_klein-1980x1188.jpg 1980w\" \/><\/a><figcaption class=\"wp-element-caption\">Unser Team bei einer p\u00e4dagogischen Weiterbildung auf dem Hackhauser Hof.<\/figcaption><\/figure>\n\n\n\n<p>Das Leitungsteam unserer Segelfreizeiten besteht aus zwei erfahrenen Erwachsenen, dem Skipper oder der Skipperin und dem Co-Skipper oder der Co-Skipperin, die eine Crew von bis zu 10 Jugendlichen betreuen. Zus\u00e4tzlich kann das Leitungsteam von einem Trainee ab 16 Jahren unterst\u00fctzt werden. In der Regel gibt es eine weibliche und eine m\u00e4nnliche Ansprechperson f\u00fcr die Teilnehmenden.<\/p>\n\n\n\n<p>Das Leitungsteam hat mindestens folgende Qualifikationen:<\/p>\n\n\n\n<ul class=\"wp-block-list\">\n<li>Eine Jugendleiterausbildung \u201e<a href=\"https:\/\/www.juleica.de\/\" target=\"_blank\" rel=\"noreferrer noopener\">JuLeiCa<\/a>\u201c mit regelm\u00e4\u00dfigen Weiterbildungsseminaren und Pr\u00e4ventionsschulungen<\/li>\n\n\n\n<li>erforderliche Sportbootf\u00fchrerscheine, Funkscheine und Erste-Hilfe-Ausbildung<\/li>\n\n\n\n<li>regelm\u00e4\u00dfige Vorlage eines erweiterten F\u00fchrungszeugnisses beim Tr\u00e4ger der Jugendfreizeit (ev. Kirchengemeinde Kleve)<\/li>\n<\/ul>\n\n\n\n<p>Alle Mitglieder unseres Teams verf\u00fcgen \u00fcber umfangreiche Erfahrung in der Leitung von Jugendgruppen, speziell angepasst an das Leben an Bord unseres Segelschoners Exodus. Unser Ziel ist es, den Jugendlichen Freude, neue Erfahrungen und wertvolle Freundschaften zu erm\u00f6glichen und ihnen ein Gef\u00fchl von Sicherheit und Geborgenheit zu geben, aber auch Eigeninitiative und Eigenverantwortung zu f\u00f6rdern. Zu Beginn jeder Freizeit besprechen wir mit der Crew Regeln f\u00fcr ein harmonisches Zusammenleben und f\u00fchren eine umfassende Sicherheitseinweisung an Bord durch. Die Freizeitinhalte werden zusammen mit den Crew gestaltet, f\u00fcr Ideen und Anregungen aber auch Sorgen und N\u00f6te der Teilnehmenden haben wir immer ein offenes Ohr. F\u00fcr die Eltern sind wir vor und w\u00e4hrend der Freizeit telefonisch erreichbar und beantworten gerne individuelle Fragen und W\u00fcnsche. Wir m\u00f6chten unseren Teilnehmenden Toleranz und Achtsamkeit vermitteln, dabei ist uns besonders wichtig, dass sich alle Menschen an Bord willkommen und wertgesch\u00e4tzt f\u00fchlen \u2013 unabh\u00e4ngig von Geschlecht, Religion oder Sexualit\u00e4t. Mit der Zielsetzung, ein inklusives Umfeld zu schaffen, arbeiten wir kontinuierlich daran, eine unvergessliche Freizeit f\u00fcr alle zu gestalten.<\/p>\n\n\n\n<figure class=\"wp-block-gallery aligncenter has-nested-images columns-2 is-cropped wp-block-gallery-1 is-layout-flex wp-block-gallery-is-layout-flex\">\n<figure class=\"wp-block-image size-medium\"><a href=\"https:\/\/effa-segeln.de\/wp-content\/uploads\/2021\/12\/IMG_20211029_194245.jpg\" target=\"_blank\" rel=\"noopener\"><img loading=\"lazy\" decoding=\"async\" width=\"300\" height=\"225\" sizes=\"auto, (max-width: 300px) 100vw, 300px\" data-id=\"176\" src=\"https:\/\/effa-segeln.de\/wp-content\/uploads\/2021\/12\/IMG_20211029_194245-300x225.jpg\" alt=\"\" class=\"wp-image-176\" srcset=\"https:\/\/effa-segeln.de\/wp-content\/uploads\/2021\/12\/IMG_20211029_194245-300x225.jpg 300w, https:\/\/effa-segeln.de\/wp-content\/uploads\/2021\/12\/IMG_20211029_194245-768x576.jpg 768w, https:\/\/effa-segeln.de\/wp-content\/uploads\/2021\/12\/IMG_20211029_194245.jpg 1024w\" \/><\/a><\/figure>\n\n\n\n<figure class=\"wp-block-image size-large\"><a href=\"https:\/\/effa-segeln.de\/wp-content\/uploads\/2024\/10\/IMG_7383_quadratisch_klein.jpg\" target=\"_blank\" rel=\"noopener\"><img loading=\"lazy\" decoding=\"async\" width=\"1024\" height=\"1024\" data-id=\"1052\" src=\"https:\/\/effa-segeln.de\/wp-content\/uploads\/2024\/10\/IMG_7383_quadratisch_klein.jpg\" alt=\"\" class=\"wp-image-1052\" srcset=\"https:\/\/effa-segeln.de\/wp-content\/uploads\/2024\/10\/IMG_7383_quadratisch_klein.jpg 1024w, https:\/\/effa-segeln.de\/wp-content\/uploads\/2024\/10\/IMG_7383_quadratisch_klein-300x300.jpg 300w, https:\/\/effa-segeln.de\/wp-content\/uploads\/2024\/10\/IMG_7383_quadratisch_klein-150x150.jpg 150w, https:\/\/effa-segeln.de\/wp-content\/uploads\/2024\/10\/IMG_7383_quadratisch_klein-768x768.jpg 768w\" sizes=\"auto, (max-width: 1024px) 100vw, 1024px\" \/><\/a><\/figure>\n<\/figure>\n\n\n\n<h2 class=\"wp-block-heading\">Gruppen<\/h2>\n\n\n\n<div class=\"wp-block-columns is-layout-flex wp-container-core-columns-is-layout-9d6595d7 wp-block-columns-is-layout-flex\">\n<div class=\"wp-block-column is-layout-flow wp-block-column-is-layout-flow\" style=\"flex-basis:50%\">\n<figure class=\"wp-block-embed is-type-wp-embed is-provider-effa-segeln wp-block-embed-effa-segeln\"><div class=\"wp-block-embed__wrapper\">\n<blockquote class=\"wp-embedded-content\" data-secret=\"7du0nNuZk8\"><a href=\"https:\/\/effa-segeln.de\/?page_id=18\">Freitagssegeln<\/a><\/blockquote><iframe loading=\"lazy\" class=\"wp-embedded-content\" sandbox=\"allow-scripts\" security=\"restricted\" style=\"position: absolute; visibility: hidden;\" title=\"&#8222;Freitagssegeln&#8220; &#8212; Effa - Segeln\" src=\"https:\/\/effa-segeln.de\/?page_id=18&#038;embed=true#?secret=u9AWKLHSHJ#?secret=7du0nNuZk8\" data-secret=\"7du0nNuZk8\" width=\"580\" height=\"327\" frameborder=\"0\" marginwidth=\"0\" marginheight=\"0\" scrolling=\"no\"><\/iframe>\n<\/div><\/figure>\n<\/div>\n\n\n\n<div class=\"wp-block-column is-layout-flow wp-block-column-is-layout-flow\" style=\"flex-basis:50%\">\n<figure class=\"wp-block-embed is-type-wp-embed is-provider-effa-segeln wp-block-embed-effa-segeln\"><div class=\"wp-block-embed__wrapper\">\n<blockquote class=\"wp-embedded-content\" data-secret=\"8WQm5xU0ms\"><a href=\"https:\/\/effa-segeln.de\/?page_id=19\">Winterlager<\/a><\/blockquote><iframe loading=\"lazy\" class=\"wp-embedded-content\" sandbox=\"allow-scripts\" security=\"restricted\" style=\"position: absolute; visibility: hidden;\" title=\"&#8222;Winterlager&#8220; &#8212; Effa - Segeln\" src=\"https:\/\/effa-segeln.de\/?page_id=19&#038;embed=true#?secret=SeqJaUoyYr#?secret=8WQm5xU0ms\" data-secret=\"8WQm5xU0ms\" width=\"580\" height=\"327\" frameborder=\"0\" marginwidth=\"0\" marginheight=\"0\" scrolling=\"no\"><\/iframe>\n<\/div><\/figure>\n<\/div>\n<\/div>\n\n\n\n<p><\/p>\n","protected":false},"excerpt":{"rendered":"<p>Das Leitungsteam unserer Segelfreizeiten besteht aus zwei erfahrenen Erwachsenen, dem Skipper oder der Skipperin und dem Co-Skipper oder der Co-Skipperin, die eine Crew von bis zu 10 Jugendlichen betreuen. Zus\u00e4tzlich kann das Leitungsteam von einem Trainee ab 16 Jahren unterst\u00fctzt werden. In der Regel gibt es eine weibliche und eine m\u00e4nnliche Ansprechperson f\u00fcr die Teilnehmenden. [&hellip;]<\/p>\n","protected":false},"author":2,"featured_media":0,"parent":0,"menu_order":30,"comment_status":"closed","ping_status":"closed","template":"","meta":{"ngg_post_thumbnail":0,"footnotes":""},"class_list":["post-24","page","type-page","status-publish","hentry"],"_links":{"self":[{"href":"https:\/\/effa-segeln.de\/index.php?rest_route=\/wp\/v2\/pages\/24","targetHints":{"allow":["GET"]}}],"collection":[{"href":"https:\/\/effa-segeln.de\/index.php?rest_route=\/wp\/v2\/pages"}],"about":[{"href":"https:\/\/effa-segeln.de\/index.php?rest_route=\/wp\/v2\/types\/page"}],"author":[{"embeddable":true,"href":"https:\/\/effa-segeln.de\/index.php?rest_route=\/wp\/v2\/users\/2"}],"replies":[{"embeddable":true,"href":"https:\/\/effa-segeln.de\/index.php?rest_route=%2Fwp%2Fv2%2Fcomments&post=24"}],"version-history":[{"count":13,"href":"https:\/\/effa-segeln.de\/index.php?rest_route=\/wp\/v2\/pages\/24\/revisions"}],"predecessor-version":[{"id":1523,"href":"https:\/\/effa-segeln.de\/index.php?rest_route=\/wp\/v2\/pages\/24\/revisions\/1523"}],"wp:attachment":[{"href":"https:\/\/effa-segeln.de\/index.php?rest_route=%2Fwp%2Fv2%2Fmedia&parent=24"}],"curies":[{"name":"wp","href":"https:\/\/api.w.org\/{rel}","templated":true}]}}

Über uns

<figure class="wp-block-image size-large"><a href="https://effa-segeln.de/wp-content/uploads/2024/10/Juleica-Gruppenbild_klein-scaled.jpg" target="_blank" rel="noopener"><img loading="lazy" decoding="async" width="1800" height="1080" sizes="auto, (max-width: 1800px) 100vw, 1800px" src="https://effa-segeln.de/wp-content/uploads/2024/10/Juleica-Gruppenbild_klein-1800x1080.jpg" alt="" class="wp-image-1045" srcset="https://effa-segeln.de/wp-content/uploads/2024/10/Juleica-Gruppenbild_klein-1800x1080.jpg 1800w, https://effa-segeln.de/wp-content/uploads/2024/10/Juleica-Gruppenbild_klein-300x180.jpg 300w, https://effa-segeln.de/wp-content/uploads/2024/10/Juleica-Gruppenbild_klein-768x461.jpg 768w, https://effa-segeln.de/wp-content/uploads/2024/10/Juleica-Gruppenbild_klein-1536x922.jpg 1536w, https://effa-segeln.de/wp-content/uploads/2024/10/Juleica-Gruppenbild_klein-2048x1229.jpg 2048w, https://effa-segeln.de/wp-content/uploads/2024/10/Juleica-Gruppenbild_klein-1200x720.jpg 1200w, https://effa-segeln.de/wp-content/uploads/2024/10/Juleica-Gruppenbild_klein-1980x1188.jpg 1980w" /></a><figcaption class="wp-element-caption">Unser Team bei einer pädagogischen Weiterbildung auf dem Hackhauser Hof.</figcaption></figure>



<p>Das Leitungsteam unserer Segelfreizeiten besteht aus zwei erfahrenen Erwachsenen, dem Skipper oder der Skipperin und dem Co-Skipper oder der Co-Skipperin, die eine Crew von bis zu 10 Jugendlichen betreuen. Zusätzlich kann das Leitungsteam von einem Trainee ab 16 Jahren unterstützt werden. In der Regel gibt es eine weibliche und eine männliche Ansprechperson für die Teilnehmenden.</p>



<p>Das Leitungsteam hat mindestens folgende Qualifikationen:</p>



<ul class="wp-block-list">
<li>Eine Jugendleiterausbildung „<a href="https://www.juleica.de/" target="_blank" rel="noreferrer noopener">JuLeiCa</a>“ mit regelmäßigen Weiterbildungsseminaren und Präventionsschulungen</li>



<li>erforderliche Sportbootführerscheine, Funkscheine und Erste-Hilfe-Ausbildung</li>



<li>regelmäßige Vorlage eines erweiterten Führungszeugnisses beim Träger der Jugendfreizeit (ev. Kirchengemeinde Kleve)</li>
</ul>



<p>Alle Mitglieder unseres Teams verfügen über umfangreiche Erfahrung in der Leitung von Jugendgruppen, speziell angepasst an das Leben an Bord unseres Segelschoners Exodus. Unser Ziel ist es, den Jugendlichen Freude, neue Erfahrungen und wertvolle Freundschaften zu ermöglichen und ihnen ein Gefühl von Sicherheit und Geborgenheit zu geben, aber auch Eigeninitiative und Eigenverantwortung zu fördern. Zu Beginn jeder Freizeit besprechen wir mit der Crew Regeln für ein harmonisches Zusammenleben und führen eine umfassende Sicherheitseinweisung an Bord durch. Die Freizeitinhalte werden zusammen mit den Crew gestaltet, für Ideen und Anregungen aber auch Sorgen und Nöte der Teilnehmenden haben wir immer ein offenes Ohr. Für die Eltern sind wir vor und während der Freizeit telefonisch erreichbar und beantworten gerne individuelle Fragen und Wünsche. Wir möchten unseren Teilnehmenden Toleranz und Achtsamkeit vermitteln, dabei ist uns besonders wichtig, dass sich alle Menschen an Bord willkommen und wertgeschätzt fühlen – unabhängig von Geschlecht, Religion oder Sexualität. Mit der Zielsetzung, ein inklusives Umfeld zu schaffen, arbeiten wir kontinuierlich daran, eine unvergessliche Freizeit für alle zu gestalten.</p>



<figure class="wp-block-gallery aligncenter has-nested-images columns-2 is-cropped wp-block-gallery-1 is-layout-flex wp-block-gallery-is-layout-flex">
<figure class="wp-block-image size-medium"><a href="https://effa-segeln.de/wp-content/uploads/2021/12/IMG_20211029_194245.jpg" target="_blank" rel="noopener"><img loading="lazy" decoding="async" width="300" height="225" sizes="auto, (max-width: 300px) 100vw, 300px" data-id="176" src="https://effa-segeln.de/wp-content/uploads/2021/12/IMG_20211029_194245-300x225.jpg" alt="" class="wp-image-176" srcset="https://effa-segeln.de/wp-content/uploads/2021/12/IMG_20211029_194245-300x225.jpg 300w, https://effa-segeln.de/wp-content/uploads/2021/12/IMG_20211029_194245-768x576.jpg 768w, https://effa-segeln.de/wp-content/uploads/2021/12/IMG_20211029_194245.jpg 1024w" /></a></figure>



<figure class="wp-block-image size-large"><a href="https://effa-segeln.de/wp-content/uploads/2024/10/IMG_7383_quadratisch_klein.jpg" target="_blank" rel="noopener"><img loading="lazy" decoding="async" width="1024" height="1024" data-id="1052" src="https://effa-segeln.de/wp-content/uploads/2024/10/IMG_7383_quadratisch_klein.jpg" alt="" class="wp-image-1052" srcset="https://effa-segeln.de/wp-content/uploads/2024/10/IMG_7383_quadratisch_klein.jpg 1024w, https://effa-segeln.de/wp-content/uploads/2024/10/IMG_7383_quadratisch_klein-300x300.jpg 300w, https://effa-segeln.de/wp-content/uploads/2024/10/IMG_7383_quadratisch_klein-150x150.jpg 150w, https://effa-segeln.de/wp-content/uploads/2024/10/IMG_7383_quadratisch_klein-768x768.jpg 768w" sizes="auto, (max-width: 1024px) 100vw, 1024px" /></a></figure>
</figure>



<h2 class="wp-block-heading">Gruppen</h2>



<div class="wp-block-columns is-layout-flex wp-container-core-columns-is-layout-9d6595d7 wp-block-columns-is-layout-flex">
<div class="wp-block-column is-layout-flow wp-block-column-is-layout-flow" style="flex-basis:50%">
<figure class="wp-block-embed is-type-wp-embed is-provider-effa-segeln wp-block-embed-effa-segeln"><div class="wp-block-embed__wrapper">
<blockquote class="wp-embedded-content" data-secret="7du0nNuZk8"><a href="https://effa-segeln.de/?page_id=18">Freitagssegeln</a></blockquote><iframe loading="lazy" class="wp-embedded-content" sandbox="allow-scripts" security="restricted" style="position: absolute; visibility: hidden;" title="&#8222;Freitagssegeln&#8220; &#8212; Effa - Segeln" src="https://effa-segeln.de/?page_id=18&#038;embed=true#?secret=u9AWKLHSHJ#?secret=7du0nNuZk8" data-secret="7du0nNuZk8" width="580" height="327" frameborder="0" marginwidth="0" marginheight="0" scrolling="no"></iframe>
</div></figure>
</div>



<div class="wp-block-column is-layout-flow wp-block-column-is-layout-flow" style="flex-basis:50%">
<figure class="wp-block-embed is-type-wp-embed is-provider-effa-segeln wp-block-embed-effa-segeln"><div class="wp-block-embed__wrapper">
<blockquote class="wp-embedded-content" data-secret="8WQm5xU0ms"><a href="https://effa-segeln.de/?page_id=19">Winterlager</a></blockquote><iframe loading="lazy" class="wp-embedded-content" sandbox="allow-scripts" security="restricted" style="position: absolute; visibility: hidden;" title="&#8222;Winterlager&#8220; &#8212; Effa - Segeln" src="https://effa-segeln.de/?page_id=19&#038;embed=true#?secret=SeqJaUoyYr#?secret=8WQm5xU0ms" data-secret="8WQm5xU0ms" width="580" height="327" frameborder="0" marginwidth="0" marginheight="0" scrolling="no"></iframe>
</div></figure>
</div>
</div>



<p></p>

<p>Das Leitungsteam unserer Segelfreizeiten besteht aus zwei erfahrenen Erwachsenen, dem Skipper oder der Skipperin und dem Co-Skipper oder der Co-Skipperin, die eine Crew von bis zu 10 Jugendlichen betreuen. Zusätzlich kann das Leitungsteam von einem Trainee ab 16 Jahren unterstützt werden. In der Regel gibt es eine weibliche und eine männliche Ansprechperson für die Teilnehmenden. [&hellip;]</p>
