{"id":570,"date":"2023-10-20T18:39:43","date_gmt":"2023-10-20T16:39:43","guid":{"rendered":"https:\/\/neu.effa-segeln.de\/?page_id=570"},"modified":"2026-02-01T11:17:11","modified_gmt":"2026-02-01T10:17:11","slug":"ue18-toerns-2024","status":"publish","type":"page","link":"https:\/\/effa-segeln.de\/?page_id=570","title":{"rendered":"Studi-\/Azubit\u00f6rns 2026"},"content":{"rendered":"\n<p class=\"has-text-align-center\"><strong><br><strong>Englischer Kanal, S\u00fcdliche Nordsee, Belgien, Niederlande<\/strong><\/strong><\/p>\n\n\n\n<p><\/p>\n\n\n\n<p><strong>EXODUS Studi-\/Azubit\u00f6rn I<\/strong> &#8211; 29.08.-05.09.2026<br>Cinja B\u00f6sel, Johanna von Quistorp, Martin Rockenbauch<\/p>\n\n\n\n<p><strong>EXODUS Studi-\/Azubit\u00f6rn II<\/strong> &#8211; 12.09. \u2013 19.09.2026<br>Christoffer Wanders, Jacqueline Diepers, Raymond Sch\u00f6nfeld<\/p>\n\n\n\n<p><strong><strong>EXODUS Studi-\/Azubit\u00f6rn III<\/strong><\/strong> &#8211; 19.09.-26.09.2026<br>Jakob Rockenbauch, Fabian Scholten<\/p>\n\n\n\n<figure class=\"wp-block-image size-full\"><img data-dominant-color=\"959483\" data-has-transparency=\"false\" style=\"--dominant-color: #959483;\" loading=\"lazy\" decoding=\"async\" width=\"1024\" height=\"576\" sizes=\"auto, (max-width: 1024px) 100vw, 1024px\" src=\"https:\/\/effa-segeln.de\/wp-content\/uploads\/2023\/10\/DSC06275-edited.webp\" alt=\"\" class=\"wp-image-658 not-transparent\" srcset=\"https:\/\/effa-segeln.de\/wp-content\/uploads\/2023\/10\/DSC06275-edited.webp 1024w, https:\/\/effa-segeln.de\/wp-content\/uploads\/2023\/10\/DSC06275-edited-300x169.webp 300w, https:\/\/effa-segeln.de\/wp-content\/uploads\/2023\/10\/DSC06275-edited-768x432.webp 768w\" \/><\/figure>\n\n\n\n<h5 class=\"wp-block-heading\">Langes Semester gehabt? Endlich mal wieder Urlaub ohne Pr\u00fcfungsstress?<\/h5>\n\n\n\n<p>Bei uns kannst du dir den Wind um die Nase wehen lassen und vergisst garantiert am zweiten Segeltag schon, welcher Wochentag ist und was du eigentlich gemacht hast, bevor du an Bord gekommen bist. Unsere drei Sp\u00e4tsommert\u00f6rns f\u00fcr richten sich an alle jungen Erwachsenen ab 18, egal ob du studierst, eine Ausbildung oder FSJ machst oder schon arbeitest. Die T\u00f6rns schlie\u00dfen sich nahtlos an die NRW-Sommerferien an und beginnen im eng. Kanal, wo der erste T\u00f6rn noch die franz\u00f6sische K\u00fcste erkundet. F\u00fcr den zweiten T\u00f6rn geht es dann wahrscheinlich von der belgischen oder niederl\u00e4ndischen K\u00fcste in die s\u00fcdliche Nordsee und das Rheindelta. Der dritte T\u00f6rn bereist das Rheindelta bis zum Ijsselmeer.<br>Auf der Exodus erwartet dich ein Abenteuer-Urlaub wie Rucksackwandern auf dem Wasser. Auf dem 9,60 m langen Traditionssegelboot schlafen, wohnen und kochen wir mit zehn Personen auf engstem Raum. Nur die Toilette ist abgetrennt von der Kaj\u00fcte und Duschen finden wir in den H\u00e4fen, die wir anlaufen. Vor Anker k\u00f6nnen wir nat\u00fcrlich auch einfach eine Runde ums Boot schwimmen. Die Crew arbeitet an Bord als Team zusammen und gemeinsam beraten wir \u00fcber die Route, navigieren das Schiff, setzen die Segel und schnibbeln das Gem\u00fcse. Die beiden erfahrenen Skipper*innen zeigen euch an Bord alles, was zum Segeln eines Traditionsschiffs dazugeh\u00f6rt und ihr nehmt aktiv am Segelalltag teil. Du solltest dich nicht scheuen, mit anzupacken und eine Woche ohne Komfort, Privatsph\u00e4re und Handy zu erleben, denn es lohnt sich! Dich erwarten h\u00fcbsche Hafenst\u00e4dte, beeindruckende Naturerlebnisse und neue Freundschaften. An Land erkundet ihr Inseln oder St\u00e4dte zu Fu\u00df oder mit dem Fahrrad und am Abend klingt der Tag gem\u00fctlich aus. Bei einem Spieleabend oder einem Fancywork-und Knotenworkshop ist Zeit f\u00fcr Gespr\u00e4che \u00fcber Gott und die Welt und nach einer Woche ist die Crew zu einer eingeschworenen Gemeinschaft geworden, die gemeinsam ans Ziel kommt und dabei viele spannende Abenteuer und lustige Erlebnisse miteinander teilt. Im T\u00f6rnpreis inklusive ist die An-und Abreise von und zur Exodus mit dem PKW oder Zug aus Kleve am Niederrhein. Dadurch k\u00f6nnen wir je nach Wind und Wetter den \u00dcbergabehafen von T\u00f6rn zu T\u00f6rn spontan ausw\u00e4hlen, was uns mehr Freiheit bei der Routenplanung erm\u00f6glicht. Au\u00dferdem sind selbstverst\u00e4ndlich alle Mahlzeiten und das Tagesprogramm enthalten. Wir freuen uns auf zwei spannende Wochen mit vielen gemeinsamen Abenteuern!<\/p>\n\n\n\n<p><strong>Teilnehmenden Beitrag: <\/strong>389,- Euro<br><strong>Teilnehmende:<\/strong> 8 junge Erwachsene (ab 18 Jahren)<br><strong>Anmeldebeginn: <\/strong>01.12.2025 &#8211; 0 Uhr<\/p>\n\n\n\n<div class=\"wp-block-columns is-layout-flex wp-container-core-columns-is-layout-9d6595d7 wp-block-columns-is-layout-flex\">\n<div class=\"wp-block-column is-layout-flow wp-block-column-is-layout-flow\">\n<div class=\"wp-block-buttons is-content-justification-space-between is-layout-flex wp-container-core-buttons-is-layout-3d213aab wp-block-buttons-is-layout-flex\">\n<div class=\"wp-block-button\"><a class=\"wp-block-button__link has-background wp-element-button\" href=\"https:\/\/effa-segeln.de\/?page_id=1460\" style=\"background-color:#1a206d\">T\u00d6RNS zu teuer?<\/a><\/div>\n\n\n\n<div class=\"wp-block-button\"><a class=\"wp-block-button__link wp-element-button\" href=\"https:\/\/effa-segeln.de\/?page_id=544#Anmeldung\" target=\"_blank\" rel=\"noreferrer noopener\">Anmeldung!<\/a><\/div>\n<\/div>\n<\/div>\n<\/div>\n\n\n\n<p><strong>Veranstalterin:<\/strong> Evangelische Jugend Kleve; Lindenallee 42; 47533 Kleve; Tel. 0 28 21 \/ 23 310<\/p>\n\n\n\n<p><\/p>\n\n\n\n<figure class=\"wp-block-gallery has-nested-images columns-default is-cropped wp-block-gallery-1 is-layout-flex wp-block-gallery-is-layout-flex\">\n<figure class=\"wp-block-image size-large\"><img loading=\"lazy\" decoding=\"async\" width=\"1024\" height=\"768\" data-id=\"130\" src=\"https:\/\/effa-segeln.de\/wp-content\/uploads\/2021\/12\/IMG_20150502_203329.jpg\" alt=\"\" class=\"wp-image-130\" srcset=\"https:\/\/effa-segeln.de\/wp-content\/uploads\/2021\/12\/IMG_20150502_203329.jpg 1024w, https:\/\/effa-segeln.de\/wp-content\/uploads\/2021\/12\/IMG_20150502_203329-300x225.jpg 300w, https:\/\/effa-segeln.de\/wp-content\/uploads\/2021\/12\/IMG_20150502_203329-768x576.jpg 768w\" sizes=\"auto, (max-width: 1024px) 100vw, 1024px\" \/><\/figure>\n\n\n\n<figure class=\"wp-block-image size-large\"><img loading=\"lazy\" decoding=\"async\" width=\"1024\" height=\"768\" data-id=\"131\" src=\"https:\/\/effa-segeln.de\/wp-content\/uploads\/2021\/12\/IMG_20170810_205240.jpg\" alt=\"\" class=\"wp-image-131\" srcset=\"https:\/\/effa-segeln.de\/wp-content\/uploads\/2021\/12\/IMG_20170810_205240.jpg 1024w, https:\/\/effa-segeln.de\/wp-content\/uploads\/2021\/12\/IMG_20170810_205240-300x225.jpg 300w, https:\/\/effa-segeln.de\/wp-content\/uploads\/2021\/12\/IMG_20170810_205240-768x576.jpg 768w\" sizes=\"auto, (max-width: 1024px) 100vw, 1024px\" \/><\/figure>\n\n\n\n<figure class=\"wp-block-image size-large\"><img loading=\"lazy\" decoding=\"async\" width=\"1024\" height=\"768\" data-id=\"174\" src=\"https:\/\/effa-segeln.de\/wp-content\/uploads\/2021\/12\/IMG_20210820_204421.jpg\" alt=\"\" class=\"wp-image-174\" srcset=\"https:\/\/effa-segeln.de\/wp-content\/uploads\/2021\/12\/IMG_20210820_204421.jpg 1024w, https:\/\/effa-segeln.de\/wp-content\/uploads\/2021\/12\/IMG_20210820_204421-300x225.jpg 300w, https:\/\/effa-segeln.de\/wp-content\/uploads\/2021\/12\/IMG_20210820_204421-768x576.jpg 768w\" sizes=\"auto, (max-width: 1024px) 100vw, 1024px\" \/><\/figure>\n\n\n\n<figure class=\"wp-block-image size-large\"><img loading=\"lazy\" decoding=\"async\" width=\"773\" height=\"515\" data-id=\"282\" src=\"https:\/\/effa-segeln.de\/wp-content\/uploads\/2022\/09\/DSC06089-edited.jpg\" alt=\"Bild der Exodus unter Segeln\" class=\"wp-image-282\" srcset=\"https:\/\/effa-segeln.de\/wp-content\/uploads\/2022\/09\/DSC06089-edited.jpg 773w, https:\/\/effa-segeln.de\/wp-content\/uploads\/2022\/09\/DSC06089-edited-300x200.jpg 300w, https:\/\/effa-segeln.de\/wp-content\/uploads\/2022\/09\/DSC06089-edited-768x512.jpg 768w\" sizes=\"auto, (max-width: 773px) 100vw, 773px\" \/><\/figure>\n\n\n\n<figure class=\"wp-block-image size-large\"><img loading=\"lazy\" decoding=\"async\" width=\"1000\" height=\"750\" data-id=\"441\" src=\"https:\/\/effa-segeln.de\/wp-content\/uploads\/2023\/03\/Wikingerschach-auf-Anholt.jpg\" alt=\"\" class=\"wp-image-441\" srcset=\"https:\/\/effa-segeln.de\/wp-content\/uploads\/2023\/03\/Wikingerschach-auf-Anholt.jpg 1000w, https:\/\/effa-segeln.de\/wp-content\/uploads\/2023\/03\/Wikingerschach-auf-Anholt-300x225.jpg 300w, https:\/\/effa-segeln.de\/wp-content\/uploads\/2023\/03\/Wikingerschach-auf-Anholt-768x576.jpg 768w\" sizes=\"auto, (max-width: 1000px) 100vw, 1000px\" \/><\/figure>\n\n\n\n<figure class=\"wp-block-image size-large\"><img loading=\"lazy\" decoding=\"async\" width=\"1000\" height=\"750\" data-id=\"444\" src=\"https:\/\/effa-segeln.de\/wp-content\/uploads\/2023\/03\/Samsoe-bei-Saelvig.jpg\" alt=\"\" class=\"wp-image-444\" srcset=\"https:\/\/effa-segeln.de\/wp-content\/uploads\/2023\/03\/Samsoe-bei-Saelvig.jpg 1000w, https:\/\/effa-segeln.de\/wp-content\/uploads\/2023\/03\/Samsoe-bei-Saelvig-300x225.jpg 300w, https:\/\/effa-segeln.de\/wp-content\/uploads\/2023\/03\/Samsoe-bei-Saelvig-768x576.jpg 768w\" sizes=\"auto, (max-width: 1000px) 100vw, 1000px\" \/><\/figure>\n\n\n\n<figure class=\"wp-block-image size-large\"><img loading=\"lazy\" decoding=\"async\" width=\"1000\" height=\"750\" data-id=\"443\" src=\"https:\/\/effa-segeln.de\/wp-content\/uploads\/2023\/03\/Nervenkitzel-bei-Wind-und-Welle.jpg\" alt=\"\" class=\"wp-image-443\" srcset=\"https:\/\/effa-segeln.de\/wp-content\/uploads\/2023\/03\/Nervenkitzel-bei-Wind-und-Welle.jpg 1000w, https:\/\/effa-segeln.de\/wp-content\/uploads\/2023\/03\/Nervenkitzel-bei-Wind-und-Welle-300x225.jpg 300w, https:\/\/effa-segeln.de\/wp-content\/uploads\/2023\/03\/Nervenkitzel-bei-Wind-und-Welle-768x576.jpg 768w\" sizes=\"auto, (max-width: 1000px) 100vw, 1000px\" \/><\/figure>\n<\/figure>\n","protected":false},"excerpt":{"rendered":"<p>Englischer Kanal, S\u00fcdliche Nordsee, Belgien, Niederlande EXODUS Studi-\/Azubit\u00f6rn I &#8211; 29.08.-05.09.2026Cinja B\u00f6sel, Johanna von Quistorp, Martin Rockenbauch EXODUS Studi-\/Azubit\u00f6rn II &#8211; 12.09. \u2013 19.09.2026Christoffer Wanders, Jacqueline Diepers, Raymond Sch\u00f6nfeld EXODUS Studi-\/Azubit\u00f6rn III &#8211; 19.09.-26.09.2026Jakob Rockenbauch, Fabian Scholten Langes Semester gehabt? Endlich mal wieder Urlaub ohne Pr\u00fcfungsstress? Bei uns kannst du dir den Wind um die [&hellip;]<\/p>\n","protected":false},"author":1,"featured_media":0,"parent":0,"menu_order":15,"comment_status":"closed","ping_status":"closed","template":"templates\/template-full-width.php","meta":{"ngg_post_thumbnail":0,"footnotes":""},"class_list":["post-570","page","type-page","status-publish","hentry"],"_links":{"self":[{"href":"https:\/\/effa-segeln.de\/index.php?rest_route=\/wp\/v2\/pages\/570","targetHints":{"allow":["GET"]}}],"collection":[{"href":"https:\/\/effa-segeln.de\/index.php?rest_route=\/wp\/v2\/pages"}],"about":[{"href":"https:\/\/effa-segeln.de\/index.php?rest_route=\/wp\/v2\/types\/page"}],"author":[{"embeddable":true,"href":"https:\/\/effa-segeln.de\/index.php?rest_route=\/wp\/v2\/users\/1"}],"replies":[{"embeddable":true,"href":"https:\/\/effa-segeln.de\/index.php?rest_route=%2Fwp%2Fv2%2Fcomments&post=570"}],"version-history":[{"count":29,"href":"https:\/\/effa-segeln.de\/index.php?rest_route=\/wp\/v2\/pages\/570\/revisions"}],"predecessor-version":[{"id":1716,"href":"https:\/\/effa-segeln.de\/index.php?rest_route=\/wp\/v2\/pages\/570\/revisions\/1716"}],"wp:attachment":[{"href":"https:\/\/effa-segeln.de\/index.php?rest_route=%2Fwp%2Fv2%2Fmedia&parent=570"}],"curies":[{"name":"wp","href":"https:\/\/api.w.org\/{rel}","templated":true}]}}

Studi-/Azubitörns 2026

<p class="has-text-align-center"><strong><br><strong>Englischer Kanal, Südliche Nordsee, Belgien, Niederlande</strong></strong></p>



<p></p>



<p><strong>EXODUS Studi-/Azubitörn I</strong> &#8211; 29.08.-05.09.2026<br>Cinja Bösel, Johanna von Quistorp, Martin Rockenbauch</p>



<p><strong>EXODUS Studi-/Azubitörn II</strong> &#8211; 12.09. – 19.09.2026<br>Christoffer Wanders, Jacqueline Diepers, Raymond Schönfeld</p>



<p><strong><strong>EXODUS Studi-/Azubitörn III</strong></strong> &#8211; 19.09.-26.09.2026<br>Jakob Rockenbauch, Fabian Scholten</p>



<figure class="wp-block-image size-full"><img data-dominant-color="959483" data-has-transparency="false" style="--dominant-color: #959483;" loading="lazy" decoding="async" width="1024" height="576" sizes="auto, (max-width: 1024px) 100vw, 1024px" src="https://effa-segeln.de/wp-content/uploads/2023/10/DSC06275-edited.webp" alt="" class="wp-image-658 not-transparent" srcset="https://effa-segeln.de/wp-content/uploads/2023/10/DSC06275-edited.webp 1024w, https://effa-segeln.de/wp-content/uploads/2023/10/DSC06275-edited-300x169.webp 300w, https://effa-segeln.de/wp-content/uploads/2023/10/DSC06275-edited-768x432.webp 768w" /></figure>



<h5 class="wp-block-heading">Langes Semester gehabt? Endlich mal wieder Urlaub ohne Prüfungsstress?</h5>



<p>Bei uns kannst du dir den Wind um die Nase wehen lassen und vergisst garantiert am zweiten Segeltag schon, welcher Wochentag ist und was du eigentlich gemacht hast, bevor du an Bord gekommen bist. Unsere drei Spätsommertörns für richten sich an alle jungen Erwachsenen ab 18, egal ob du studierst, eine Ausbildung oder FSJ machst oder schon arbeitest. Die Törns schließen sich nahtlos an die NRW-Sommerferien an und beginnen im eng. Kanal, wo der erste Törn noch die französische Küste erkundet. Für den zweiten Törn geht es dann wahrscheinlich von der belgischen oder niederländischen Küste in die südliche Nordsee und das Rheindelta. Der dritte Törn bereist das Rheindelta bis zum Ijsselmeer.<br>Auf der Exodus erwartet dich ein Abenteuer-Urlaub wie Rucksackwandern auf dem Wasser. Auf dem 9,60 m langen Traditionssegelboot schlafen, wohnen und kochen wir mit zehn Personen auf engstem Raum. Nur die Toilette ist abgetrennt von der Kajüte und Duschen finden wir in den Häfen, die wir anlaufen. Vor Anker können wir natürlich auch einfach eine Runde ums Boot schwimmen. Die Crew arbeitet an Bord als Team zusammen und gemeinsam beraten wir über die Route, navigieren das Schiff, setzen die Segel und schnibbeln das Gemüse. Die beiden erfahrenen Skipper*innen zeigen euch an Bord alles, was zum Segeln eines Traditionsschiffs dazugehört und ihr nehmt aktiv am Segelalltag teil. Du solltest dich nicht scheuen, mit anzupacken und eine Woche ohne Komfort, Privatsphäre und Handy zu erleben, denn es lohnt sich! Dich erwarten hübsche Hafenstädte, beeindruckende Naturerlebnisse und neue Freundschaften. An Land erkundet ihr Inseln oder Städte zu Fuß oder mit dem Fahrrad und am Abend klingt der Tag gemütlich aus. Bei einem Spieleabend oder einem Fancywork-und Knotenworkshop ist Zeit für Gespräche über Gott und die Welt und nach einer Woche ist die Crew zu einer eingeschworenen Gemeinschaft geworden, die gemeinsam ans Ziel kommt und dabei viele spannende Abenteuer und lustige Erlebnisse miteinander teilt. Im Törnpreis inklusive ist die An-und Abreise von und zur Exodus mit dem PKW oder Zug aus Kleve am Niederrhein. Dadurch können wir je nach Wind und Wetter den Übergabehafen von Törn zu Törn spontan auswählen, was uns mehr Freiheit bei der Routenplanung ermöglicht. Außerdem sind selbstverständlich alle Mahlzeiten und das Tagesprogramm enthalten. Wir freuen uns auf zwei spannende Wochen mit vielen gemeinsamen Abenteuern!</p>



<p><strong>Teilnehmenden Beitrag: </strong>389,- Euro<br><strong>Teilnehmende:</strong> 8 junge Erwachsene (ab 18 Jahren)<br><strong>Anmeldebeginn: </strong>01.12.2025 &#8211; 0 Uhr</p>



<div class="wp-block-columns is-layout-flex wp-container-core-columns-is-layout-9d6595d7 wp-block-columns-is-layout-flex">
<div class="wp-block-column is-layout-flow wp-block-column-is-layout-flow">
<div class="wp-block-buttons is-content-justification-space-between is-layout-flex wp-container-core-buttons-is-layout-3d213aab wp-block-buttons-is-layout-flex">
<div class="wp-block-button"><a class="wp-block-button__link has-background wp-element-button" href="https://effa-segeln.de/?page_id=1460" style="background-color:#1a206d">TÖRNS zu teuer?</a></div>



<div class="wp-block-button"><a class="wp-block-button__link wp-element-button" href="https://effa-segeln.de/?page_id=544#Anmeldung" target="_blank" rel="noreferrer noopener">Anmeldung!</a></div>
</div>
</div>
</div>



<p><strong>Veranstalterin:</strong> Evangelische Jugend Kleve; Lindenallee 42; 47533 Kleve; Tel. 0 28 21 / 23 310</p>



<p></p>



<figure class="wp-block-gallery has-nested-images columns-default is-cropped wp-block-gallery-1 is-layout-flex wp-block-gallery-is-layout-flex">
<figure class="wp-block-image size-large"><img loading="lazy" decoding="async" width="1024" height="768" data-id="130" src="https://effa-segeln.de/wp-content/uploads/2021/12/IMG_20150502_203329.jpg" alt="" class="wp-image-130" srcset="https://effa-segeln.de/wp-content/uploads/2021/12/IMG_20150502_203329.jpg 1024w, https://effa-segeln.de/wp-content/uploads/2021/12/IMG_20150502_203329-300x225.jpg 300w, https://effa-segeln.de/wp-content/uploads/2021/12/IMG_20150502_203329-768x576.jpg 768w" sizes="auto, (max-width: 1024px) 100vw, 1024px" /></figure>



<figure class="wp-block-image size-large"><img loading="lazy" decoding="async" width="1024" height="768" data-id="131" src="https://effa-segeln.de/wp-content/uploads/2021/12/IMG_20170810_205240.jpg" alt="" class="wp-image-131" srcset="https://effa-segeln.de/wp-content/uploads/2021/12/IMG_20170810_205240.jpg 1024w, https://effa-segeln.de/wp-content/uploads/2021/12/IMG_20170810_205240-300x225.jpg 300w, https://effa-segeln.de/wp-content/uploads/2021/12/IMG_20170810_205240-768x576.jpg 768w" sizes="auto, (max-width: 1024px) 100vw, 1024px" /></figure>



<figure class="wp-block-image size-large"><img loading="lazy" decoding="async" width="1024" height="768" data-id="174" src="https://effa-segeln.de/wp-content/uploads/2021/12/IMG_20210820_204421.jpg" alt="" class="wp-image-174" srcset="https://effa-segeln.de/wp-content/uploads/2021/12/IMG_20210820_204421.jpg 1024w, https://effa-segeln.de/wp-content/uploads/2021/12/IMG_20210820_204421-300x225.jpg 300w, https://effa-segeln.de/wp-content/uploads/2021/12/IMG_20210820_204421-768x576.jpg 768w" sizes="auto, (max-width: 1024px) 100vw, 1024px" /></figure>



<figure class="wp-block-image size-large"><img loading="lazy" decoding="async" width="773" height="515" data-id="282" src="https://effa-segeln.de/wp-content/uploads/2022/09/DSC06089-edited.jpg" alt="Bild der Exodus unter Segeln" class="wp-image-282" srcset="https://effa-segeln.de/wp-content/uploads/2022/09/DSC06089-edited.jpg 773w, https://effa-segeln.de/wp-content/uploads/2022/09/DSC06089-edited-300x200.jpg 300w, https://effa-segeln.de/wp-content/uploads/2022/09/DSC06089-edited-768x512.jpg 768w" sizes="auto, (max-width: 773px) 100vw, 773px" /></figure>



<figure class="wp-block-image size-large"><img loading="lazy" decoding="async" width="1000" height="750" data-id="441" src="https://effa-segeln.de/wp-content/uploads/2023/03/Wikingerschach-auf-Anholt.jpg" alt="" class="wp-image-441" srcset="https://effa-segeln.de/wp-content/uploads/2023/03/Wikingerschach-auf-Anholt.jpg 1000w, https://effa-segeln.de/wp-content/uploads/2023/03/Wikingerschach-auf-Anholt-300x225.jpg 300w, https://effa-segeln.de/wp-content/uploads/2023/03/Wikingerschach-auf-Anholt-768x576.jpg 768w" sizes="auto, (max-width: 1000px) 100vw, 1000px" /></figure>



<figure class="wp-block-image size-large"><img loading="lazy" decoding="async" width="1000" height="750" data-id="444" src="https://effa-segeln.de/wp-content/uploads/2023/03/Samsoe-bei-Saelvig.jpg" alt="" class="wp-image-444" srcset="https://effa-segeln.de/wp-content/uploads/2023/03/Samsoe-bei-Saelvig.jpg 1000w, https://effa-segeln.de/wp-content/uploads/2023/03/Samsoe-bei-Saelvig-300x225.jpg 300w, https://effa-segeln.de/wp-content/uploads/2023/03/Samsoe-bei-Saelvig-768x576.jpg 768w" sizes="auto, (max-width: 1000px) 100vw, 1000px" /></figure>



<figure class="wp-block-image size-large"><img loading="lazy" decoding="async" width="1000" height="750" data-id="443" src="https://effa-segeln.de/wp-content/uploads/2023/03/Nervenkitzel-bei-Wind-und-Welle.jpg" alt="" class="wp-image-443" srcset="https://effa-segeln.de/wp-content/uploads/2023/03/Nervenkitzel-bei-Wind-und-Welle.jpg 1000w, https://effa-segeln.de/wp-content/uploads/2023/03/Nervenkitzel-bei-Wind-und-Welle-300x225.jpg 300w, https://effa-segeln.de/wp-content/uploads/2023/03/Nervenkitzel-bei-Wind-und-Welle-768x576.jpg 768w" sizes="auto, (max-width: 1000px) 100vw, 1000px" /></figure>
</figure>

<p>Englischer Kanal, Südliche Nordsee, Belgien, Niederlande EXODUS Studi-/Azubitörn I &#8211; 29.08.-05.09.2026Cinja Bösel, Johanna von Quistorp, Martin Rockenbauch EXODUS Studi-/Azubitörn II &#8211; 12.09. – 19.09.2026Christoffer Wanders, Jacqueline Diepers, Raymond Schönfeld EXODUS Studi-/Azubitörn III &#8211; 19.09.-26.09.2026Jakob Rockenbauch, Fabian Scholten Langes Semester gehabt? Endlich mal wieder Urlaub ohne Prüfungsstress? Bei uns kannst du dir den Wind um die [&hellip;]</p>
